b + 4. Let v(h) = 4 - 5*h - 6*h**2 + 3*h + 9*h**2. Let k(c) = 4*d(c) - 5*v(c). What is k(t)?
3
Let l(t) = -t - 23. Let q be l(-25). Let u(j) = -3*j + 3*j + 2 - j - j**q. Determine u(0).
2
Let f(k) = -13*k - 1. Let a(q) = -q + 3. Let u be -3*((-2)/(-3) + 4/(-2)). Let s be a(u). Calculate f(s).
12
Suppose 0 = 2*s - y + 2, 6 = -2*s + 2*y. Let p(q) be the first derivative of 5*q**3/3 - q**2/2 + q + 44. Give p(s).
5
Let v(j) = 2*j**3 - 5*j**2 + 3*j**3 - 6*j**3 + 135*j - 131*j - 4. What is v(-6)?
8
Let l(v) be the first derivative of -v**6/120 + v**5/60 + v**4/12 + v**3/2 - 9*v**2 - 34. Let b(u) be the second derivative of l(u). What is b(-2)?
11
Let j = 203 + -210. Let p(c) = 3*c + 8. What is p(j)?
-13
Suppose 4*v - 33 = 3*s, s + 15 = -2*v + 4. Let d(q) = -q**3 - 11*q**2 - 2*q - 27. Calculate d(s).
-5
Let f(t) = 3*t**2 - 4*t - 4. Let w(d) = -d**2 + 79*d + 417. Let m be w(-5). Calculate f(m).
35
Let n(v) be the third derivative of 4*v**2 + 1/8*v**4 - 1/30*v**5 + 0 + 0*v + 1/2*v**3. Let d(r) be the first derivative of n(r). Give d(2).
-5
Let b(o) be the first derivative of 5*o**2/2 + 3*o + 504. Suppose 0 = -j + 1 + 10. Suppose -j = 5*m - 1. Calculate b(m).
-7
Suppose -3*f + 5*j + 44 = 0, 2*f - j = -4*j + 23. Let w = f - 13. Let r(c) = c + 2. Let p be r(w). Let q(d) = -d**3 - 2*d - 1. Determine q(p).
-13
Let r(h) = -h**2 - 13*h - 2. Let b be r(-13). Let g be 2*1/b + 2. Let y(l) be the third derivative of l**4/12 - l**3/6 - 44*l**2. Give y(g).
1
Let a(v) = 10*v + 1. Suppose -3*z = -3*o - 3, -15*o - 2*z = -14*o + 4. Give a(o).
-19
Suppose 20 = 4*r + 4*x, -2*r + 4*x - 11 = -x. Let n(v) = -v**2. What is n(r)?
-4
Let c(a) = -2*a - 3. Suppose 0*d + 2 = -3*x + d, 3*x = -2*d + 4. Suppose 3*j = 15, -4*q = -x*q - 3*j + 71. Let s = q + 11. Calculate c(s).
3
Let c(g) = -g**2 - 4*g + 3. Let s be ((-42)/35)/((-12)/(-10) - 1). Give c(s).
-9
Let k(q) = q + 5. Let h be k(-5). Let l(p) = -p**2 + 1. Let u be l(h). Let a(b) be the third derivative of -b**6/120 - b**5/60 - 9*b**2. Calculate a(u).
-2
Let r(m) = -m**2 + 5*m + 4. Let k(o) = -o**2 + 11*o - 13. Let i be k(9). Let v = -2 + i. Calculate r(v).
10
Let j(o) = 19*o + 6. Let l(y) = 52*y + 16. Let s(b) = -14*j(b) + 5*l(b). Calculate s(-2).
8
Let d(c) = 25*c - 5. Let b(o) = -81*o + 17. Let q(a) = -4*b(a) - 13*d(a). Let j(y) = 2*y - 5. Let u be j(6). Determine q(u).
-10
Let k(i) = i - 2. Let l be k(4). Let h(a) = -83*a**2 - 3*a - 79*a**l + 160*a**2. Suppose -12 = b + 3*b. What is h(b)?
-9
Let b(k) = 2*k**2 - 10*k + 6. Suppose 4*l + 94 = 110. Determine b(l).
-2
Let g(a) = -3*a**2 + 7*a + 12. Let m be g(-3). Let b = -31 - m. Let i(z) = -2*z + 7. Give i(b).
-3
Let v = 88 - 90. Let j = 8 + 1. Let z(w) = 1 - w + j*w - 4*w. Determine z(v).
-7
Let v(p) = -4*p**3 - p**2 + p + 1. Let y = -38 - 1. Let s = y - -38. Determine v(s).
3
Let o(s) = -5*s**2 + 0*s + 4*s**2 + 2*s + 1. Suppose 5*b + 42 = 192. Suppose 9*r - b = 3*r. Determine o(r).
-14
Let b be 12/9*(4 - 1). Suppose 2*d - d + b = 0. Let g(w) = 3*w**2 + 21*w + 10. Let p(h) = -2*h**2 - 14*h - 7. Let k(a) = 5*g(a) + 8*p(a). Determine k(d).
6
Let k(x) = x**3 + 4*x - 16. Suppose 21*z + 29*z = 0. Calculate k(z).
-16
Let w(u) = 3*u**2 + 5*u - 15. Let m = -60 + 54. Let t(g) = -g**2 - 2*g + 5. Let x(y) = m*w(y) - 17*t(y). Determine x(5).
0
Let i(f) be the second derivative of 1/20*f**5 + 1/2*f**3 - 3*f**2 - f + 0 - 5/12*f**4. Let k = -12 - -16. Give i(k).
-10
Let n(w) = -w**2 + 22*w - 17. Let v be n(21). Let c(j) = -v - 5*j**2 - 7*j + 1 - j**2 + 7*j**2. Determine c(7).
-3
Let y(m) = 17*m**2 - 1 + 7*m**3 - 3*m - 8*m**3 - 13*m. What is y(16)?
-1
Let q(j) be the second derivative of 3/2*j**2 + 0 + 23*j + 1/3*j**3. What is q(3)?
9
Let y(n) = -n - 4. Let x be 24/(-10)*10/(-2). Let w be ((-6)/(-12))/((-2)/x). What is y(w)?
-1
Let g(w) = 3*w**3 + 6*w**2 + 3*w - 4. Let t(k) = 7*k**3 + 12*k**2 + 3*k - 8. Let j(m) = -5*g(m) + 2*t(m). Give j(-4).
8
Suppose -6 = -q - 9, -4*u - 4*q = 40. Let y(g) = 3*g + 5. Give y(u).
-16
Let c(u) be the second derivative of u**3/6 - u**2 + 8*u - 1. Give c(7).
5
Let g be ((-7)/(112/(-24)) - 2/4)*-5. Let i(c) = -c + 1 - 6*c**2 + 1 + 0*c**2 - c**3. Calculate i(g).
-18
Let h(g) be the third derivative of 0*g + 0 + 2/3*g**3 - 1/12*g**4 - 17*g**2. Calculate h(-4).
12
Let j(p) = -13*p + 2. Let m(i) = 19*i - 3. Let q(a) = -a - 3. Let l be q(-11). Let t(r) = l*j(r) + 5*m(r). Give t(-1).
10
Let n = 13 - 6. Let a(l) = l**2 - 2*l - 9. Let q(h) = -h**2 + 10. Let m(k) = -3*a(k) - 2*q(k). Determine m(n).
0
Let d be 6/15*(-50)/(-5). Let f(a) = -11 + 4 + 4 - d*a. Determine f(-3).
9
Let s(j) = -j + 2. Let p be s(4). Let a(m) be the second derivative of -m**5/20 - m**4/12 + m**3/2 + m**2/2 - 218*m. Give a(p).
-1
Let g(i) = i**2 - 2*i + 3. Let v(m) = 2*m**2 + 15*m + 16. Let f be v(-1). Determine g(f).
6
Suppose 10*r - 196 = -186. Let v(x) = -5*x**2 - 2*x + 3. Calculate v(r).
-4
Let r(z) = 11*z - 3. Let q(v) = -286*v + 77. Let o(d) = 3*q(d) + 77*r(d). Calculate o(2).
-22
Let b(v) = -v**3 + v. Let u(z) = -z**2. Let o(m) = b(m) - 2*u(m). Let l(w) = -2*w + 0*w - 2*w - 2 + 5*w. Let g be l(5). Calculate o(g).
-6
Let j(f) be the second derivative of 4/3*f**3 + 1/2*f**4 - 1/20*f**5 + 2*f - 9/2*f**2 + 0. Let b be j(7). Let i(m) = 2*m**3 + 2*m**2 + 1. Calculate i(b).
-7
Let f(z) be the first derivative of z**6/120 + z**5/10 + z**4/4 + 7*z**3/6 - 23*z**2/2 - 21. Let h(m) be the second derivative of f(m). Give h(-5).
2
Let i(y) = -12*y**3 + y**2 + 9. Let f(j) = -13*j**3 + j**2 + 6. Let c(s) = -3*f(s) + 2*i(s). Give c(1).
14
Let x = -71 - -94. Let t(q) = 3 + 14*q + 12*q - x*q. Determine t(4).
15
Let u(a) = -21 + 36 - a - 21. Determine u(-9).
3
Let n be 4 + 2 - (5 + -2). Suppose i - 17 = -n*k, -i + 1 = -0*i - k. Let x(l) = -l + 7. What is x(i)?
2
Let k(b) = -4*b + 71 + 4*b + b - 36 + 4*b. What is k(-6)?
5
Let w(s) = s**3 - 6*s**2 + 2*s - 14. Suppose 96 = 55*p - 39*p. Determine w(p).
-2
Let k = -138 + 139. Let h(n) = 9*n**3 - 3*n**2 + n. Determine h(k).
7
Let q(s) be the first derivative of -s**3/6 - 3*s**2/2 - 27*s + 33. Let l(m) be the first derivative of q(m). What is l(4)?
-7
Let o(p) = -p**2 - 2*p - 22 + 19 + 29. Calculate o(-6).
2
Let s(d) = -8*d**3 + 7*d**2 - 3*d - 7. Let f(p) = -2*p - p**3 - 6*p**3 - 7 + 3 + 4*p**2 + 3*p**3. Let t(l) = -7*f(l) + 4*s(l). Give t(-2).
28
Let p be -1*(-4 + (-9)/(-6)). Let y(w) be the second derivative of 0 - 1/6*w**3 - 2*w - p*w**2. Determine y(-6).
1
Let u be 0/(1 + 2 + -2). Let f(o) = -5*o**3 + 13*o**2 - 7*o + 4. Let g(v) = 9*v**3 - 24*v**2 + 13*v - 7. Let c(t) = 11*f(t) + 6*g(t). Calculate c(u).
2
Let b(q) be the second derivative of q - 1/120*q**6 - 1/8*q**4 - 1/12*q**5 - q**2 + 0 + 2/3*q**3. Let k(l) be the first derivative of b(l). Calculate k(-3).
-5
Let b be ((-1)/2)/(9/(-144)). Suppose 0 = 2*h - b, -5*l + 0 = -2*h - 2. Let o be (-7)/(-2) + l/4. Let u(m) = m**2 - 5*m - 3. Calculate u(o).
-7
Let p be ((-4)/(-6))/(3/9). Let f(y) = -y**2 + 2*y**2 - y**2 - 6*y + y**p - 1. What is f(6)?
-1
Let g(z) = z**3 + 9*z**2 + 8*z - 5. Let r be 62/(-3) + (-8)/24. Let a(n) = -n**3 - 20*n**2 + 21*n - 8. Let u be a(r). Determine g(u).
-5
Let w(z) be the first derivative of z**2/2 + 4*z - 2. Let l(k) = -8*k - 5*k**2 + k**3 + 8*k + k**2. Let o be l(3). Calculate w(o).
-5
Let p(n) be the third derivative of -n**5/60 - 5*n**4/24 - 2*n**3 + 313*n**2. Calculate p(-4).
-8
Let w = -186 - -188. Let v be -5 + 6 - (-2)/(-2). Let x(k) = k + v*k - k + 5*k. What is x(w)?
10
Suppose 53 = 5*p - g, -2*g = -p + 10 - 3. Let b(c) = 9*c**2 + c - 13. Let i(t) = 5*t**2 + t - 7. Let v(s) = p*i(s) - 6*b(s). Calculate v(-2).
-5
Let l(s) = s**3 - 10*s**2 + 10*s + 4. Let a(i) = i**2 + 3*i - 9. Let y be a(3). Calculate l(y).
13
Let a = 58 - 55. Let d(t) = 3*t**2 - 44*t**a + 19*t**3 + 2 + 2*t + 24*t**3 - 4*t. What is d(2)?
2
Let c = -1320 - -1316. Let h(m) = 12*m + 52. Calculate h(c).
4
Let v(u) = -u**2 + 8*u - 5. Suppose 14*r - 30 = 12. Let f be r/(-15) + -1*31/(-5). What is v(f)?
7
Let h(s) = 6*s - 4. Let r = -409 - -408. Give h(r).
-10
Let j(p) be the third derivative of -1/60*p**5 + 0 - 1/6*p**3 + 5*p**2 - 1/12*p**4 + 0*p + 1/120*p**6. Calculate j(-1).
-1
Let g(j) be the first derivative of 10*j**2 + 14. Let y(p) = -5*p. Let b(i) = 4*g(i) + 15*y(i). Let o be ((-9)/6)/((-3)/(-4)). Calculate